{"id":2,"date":"2016-01-11T10:00:24","date_gmt":"2016-01-11T10:00:24","guid":{"rendered":"http:\/\/fxli.fr\/?page_id=2"},"modified":"2018-06-12T09:10:23","modified_gmt":"2018-06-12T09:10:23","slug":"sample-page","status":"publish","type":"page","link":"https:\/\/www.fxli.fr\/index.php\/sample-page\/","title":{"rendered":"Formations"},"content":{"rendered":"<p><span style=\"color: #000000;\"><strong>Windows<\/strong> : formation pour <strong>apprendre<\/strong> \u00e0 exploiter votre syst\u00e8me informatique: gestion des utilisateurs, gestion de vos fichiers, <strong>compresser<\/strong> un fichier et l&rsquo;envoyer par email, utiliser un graveur ou un scanner, installation et d\u00e9sinstallation de logiciels, ajout de nouveau mat\u00e9riel, ex\u00e9cution de sauvegardes, d\u00e9pannage et maintenance de base, configuration de la s\u00e9curit\u00e9, etc.<\/span><\/p>\n<p><span style=\"color: #000000;\"><strong>Internet<\/strong> : cours pour <strong>naviguer<\/strong> et <strong>rechercher<\/strong> sur Internet et trouver ce que vous d\u00e9sirez en un instant, gestion des favoris, utilisation et configuration du navigateur, navigation s\u00e9curis\u00e9e, etc.<\/span><\/p>\n<p><span style=\"color: #000000;\"><strong>Messagerie<\/strong> : <strong>cr\u00e9ation<\/strong> de compte messagerie Internet, utilisation et configuration de Microsoft Outlook, gestion des fichiers de donn\u00e9es, <strong>synchronisation<\/strong>, etc. <strong>Word, Excel, PowerPoint<\/strong> : formation pour cr\u00e9er des lettres, des tableaux et des pr\u00e9sentations.<\/span><\/p>\n<p><span style=\"color: #000000;\"><strong>Appareil photo et cam\u00e9scope num\u00e9rique<\/strong> : maitriser la taille et le format de vos <strong>photos<\/strong>, cours pour installer et configurer son appareil photo et cam\u00e9scope num\u00e9rique, retoucher, transf\u00e9rer et graver vos photos &amp; films.<\/span><\/p>\n<p><span style=\"color: #000000;\"><strong>Tablettes : <\/strong>formation pour\u00a0 apprendre \u00e0 utiliser et \u00e0 personnaliser sa tablette.<\/span><\/p>\n<p><span style=\"color: #000000;\"><strong>Autres cours sur demande<\/strong> &#8230;<\/span><\/p>\n","protected":false},"excerpt":{"rendered":"<p>Windows : formation pour apprendre \u00e0 exploiter votre syst\u00e8me informatique: gestion des utilisateurs, gestion de vos fichiers, compresser un fichier et l&rsquo;envoyer par email, utiliser un graveur ou un scanner, installation et d\u00e9sinstallation de logiciels, ajout de nouveau mat\u00e9riel, ex\u00e9cution de sauvegardes, d\u00e9pannage et maintenance de base, configuration de la s\u00e9curit\u00e9, etc. Internet : cours [&hellip;]<\/p>\n","protected":false},"author":1,"featured_media":0,"parent":0,"menu_order":0,"comment_status":"closed","ping_status":"open","template":"","meta":{"footnotes":""},"class_list":["post-2","page","type-page","status-publish","hentry"],"yoast_head":"<!-- This site is optimized with the Yoast SEO plugin v23.8 - https:\/\/yoast.com\/wordpress\/plugins\/seo\/ -->\n<title>fxli conseil informatique<\/title>\n<meta name=\"description\" content=\"depannage assemblage formation maintenance informatique montoir de bretagne 44 44550 loire atlantique disque dur carte mere pc mac windows os antivirus\" \/>\n<meta name=\"robots\" content=\"index, follow, max-snippet:-1, max-image-preview:large, max-video-preview:-1\" \/>\n<link rel=\"canonical\" href=\"https:\/\/www.fxli.fr\/index.php\/sample-page\/\" \/>\n<meta property=\"og:locale\" content=\"fr_FR\" \/>\n<meta property=\"og:type\" content=\"article\" \/>\n<meta property=\"og:title\" content=\"fxli conseil informatique\" \/>\n<meta property=\"og:description\" content=\"depannage assemblage formation maintenance informatique montoir de bretagne 44 44550 loire atlantique disque dur carte mere pc mac windows os antivirus\" \/>\n<meta property=\"og:url\" content=\"https:\/\/www.fxli.fr\/index.php\/sample-page\/\" \/>\n<meta property=\"og:site_name\" content=\"FXLI\" \/>\n<meta property=\"article:publisher\" content=\"https:\/\/www.facebook.com\/fxlici\/\" \/>\n<meta property=\"article:modified_time\" content=\"2018-06-12T09:10:23+00:00\" \/>\n<meta name=\"twitter:card\" content=\"summary_large_image\" \/>\n<meta name=\"twitter:site\" content=\"@fxli\" \/>\n<meta name=\"twitter:label1\" content=\"Dur\u00e9e de lecture estim\u00e9e\" \/>\n\t<meta name=\"twitter:data1\" content=\"1 minute\" \/>\n<script type=\"application\/ld+json\" class=\"yoast-schema-graph\">{\"@context\":\"https:\/\/schema.org\",\"@graph\":[{\"@type\":\"WebPage\",\"@id\":\"https:\/\/www.fxli.fr\/index.php\/sample-page\/\",\"url\":\"https:\/\/www.fxli.fr\/index.php\/sample-page\/\",\"name\":\"fxli conseil informatique\",\"isPartOf\":{\"@id\":\"https:\/\/www.fxli.fr\/#website\"},\"datePublished\":\"2016-01-11T10:00:24+00:00\",\"dateModified\":\"2018-06-12T09:10:23+00:00\",\"description\":\"depannage assemblage formation maintenance informatique montoir de bretagne 44 44550 loire atlantique disque dur carte mere pc mac windows os antivirus\",\"breadcrumb\":{\"@id\":\"https:\/\/www.fxli.fr\/index.php\/sample-page\/#breadcrumb\"},\"inLanguage\":\"fr-FR\",\"potentialAction\":[{\"@type\":\"ReadAction\",\"target\":[\"https:\/\/www.fxli.fr\/index.php\/sample-page\/\"]}]},{\"@type\":\"BreadcrumbList\",\"@id\":\"https:\/\/www.fxli.fr\/index.php\/sample-page\/#breadcrumb\",\"itemListElement\":[{\"@type\":\"ListItem\",\"position\":1,\"name\":\"Accueil\",\"item\":\"https:\/\/www.fxli.fr\/\"},{\"@type\":\"ListItem\",\"position\":2,\"name\":\"Formations\"}]},{\"@type\":\"WebSite\",\"@id\":\"https:\/\/www.fxli.fr\/#website\",\"url\":\"https:\/\/www.fxli.fr\/\",\"name\":\"FXLI\",\"description\":\"Conseils Informatiques\",\"potentialAction\":[{\"@type\":\"SearchAction\",\"target\":{\"@type\":\"EntryPoint\",\"urlTemplate\":\"https:\/\/www.fxli.fr\/?s={search_term_string}\"},\"query-input\":{\"@type\":\"PropertyValueSpecification\",\"valueRequired\":true,\"valueName\":\"search_term_string\"}}],\"inLanguage\":\"fr-FR\"}]}<\/script>\n<!-- \/ Yoast SEO plugin. -->","yoast_head_json":{"title":"fxli conseil informatique","description":"depannage assemblage formation maintenance informatique montoir de bretagne 44 44550 loire atlantique disque dur carte mere pc mac windows os antivirus","robots":{"index":"index","follow":"follow","max-snippet":"max-snippet:-1","max-image-preview":"max-image-preview:large","max-video-preview":"max-video-preview:-1"},"canonical":"https:\/\/www.fxli.fr\/index.php\/sample-page\/","og_locale":"fr_FR","og_type":"article","og_title":"fxli conseil informatique","og_description":"depannage assemblage formation maintenance informatique montoir de bretagne 44 44550 loire atlantique disque dur carte mere pc mac windows os antivirus","og_url":"https:\/\/www.fxli.fr\/index.php\/sample-page\/","og_site_name":"FXLI","article_publisher":"https:\/\/www.facebook.com\/fxlici\/","article_modified_time":"2018-06-12T09:10:23+00:00","twitter_card":"summary_large_image","twitter_site":"@fxli","twitter_misc":{"Dur\u00e9e de lecture estim\u00e9e":"1 minute"},"schema":{"@context":"https:\/\/schema.org","@graph":[{"@type":"WebPage","@id":"https:\/\/www.fxli.fr\/index.php\/sample-page\/","url":"https:\/\/www.fxli.fr\/index.php\/sample-page\/","name":"fxli conseil informatique","isPartOf":{"@id":"https:\/\/www.fxli.fr\/#website"},"datePublished":"2016-01-11T10:00:24+00:00","dateModified":"2018-06-12T09:10:23+00:00","description":"depannage assemblage formation maintenance informatique montoir de bretagne 44 44550 loire atlantique disque dur carte mere pc mac windows os antivirus","breadcrumb":{"@id":"https:\/\/www.fxli.fr\/index.php\/sample-page\/#breadcrumb"},"inLanguage":"fr-FR","potentialAction":[{"@type":"ReadAction","target":["https:\/\/www.fxli.fr\/index.php\/sample-page\/"]}]},{"@type":"BreadcrumbList","@id":"https:\/\/www.fxli.fr\/index.php\/sample-page\/#breadcrumb","itemListElement":[{"@type":"ListItem","position":1,"name":"Accueil","item":"https:\/\/www.fxli.fr\/"},{"@type":"ListItem","position":2,"name":"Formations"}]},{"@type":"WebSite","@id":"https:\/\/www.fxli.fr\/#website","url":"https:\/\/www.fxli.fr\/","name":"FXLI","description":"Conseils Informatiques","potentialAction":[{"@type":"SearchAction","target":{"@type":"EntryPoint","urlTemplate":"https:\/\/www.fxli.fr\/?s={search_term_string}"},"query-input":{"@type":"PropertyValueSpecification","valueRequired":true,"valueName":"search_term_string"}}],"inLanguage":"fr-FR"}]}},"_links":{"self":[{"href":"https:\/\/www.fxli.fr\/index.php\/wp-json\/wp\/v2\/pages\/2"}],"collection":[{"href":"https:\/\/www.fxli.fr\/index.php\/wp-json\/wp\/v2\/pages"}],"about":[{"href":"https:\/\/www.fxli.fr\/index.php\/wp-json\/wp\/v2\/types\/page"}],"author":[{"embeddable":true,"href":"https:\/\/www.fxli.fr\/index.php\/wp-json\/wp\/v2\/users\/1"}],"replies":[{"embeddable":true,"href":"https:\/\/www.fxli.fr\/index.php\/wp-json\/wp\/v2\/comments?post=2"}],"version-history":[{"count":3,"href":"https:\/\/www.fxli.fr\/index.php\/wp-json\/wp\/v2\/pages\/2\/revisions"}],"predecessor-version":[{"id":74,"href":"https:\/\/www.fxli.fr\/index.php\/wp-json\/wp\/v2\/pages\/2\/revisions\/74"}],"wp:attachment":[{"href":"https:\/\/www.fxli.fr\/index.php\/wp-json\/wp\/v2\/media?parent=2"}],"curies":[{"name":"wp","href":"https:\/\/api.w.org\/{rel}","templated":true}]}}